{"id":5,"date":"2024-01-28T18:49:16","date_gmt":"2024-01-28T17:49:16","guid":{"rendered":"https:\/\/renatalange.com\/?page_id=5"},"modified":"2024-01-30T16:17:40","modified_gmt":"2024-01-30T15:17:40","slug":"crea-tu-web-con-bloques","status":"publish","type":"page","link":"https:\/\/renatalange.com\/","title":{"rendered":"RENA LANGE"},"content":{"rendered":"\n<figure class=\"wp-block-image alignwide size-large\"><img loading=\"lazy\" decoding=\"async\" width=\"1024\" height=\"576\" src=\"https:\/\/renatalange.com\/wp-content\/uploads\/2024\/01\/RENA-LANGE-3-1-1024x576.png\" alt=\"\" class=\"wp-image-85\" srcset=\"https:\/\/renatalange.com\/wp-content\/uploads\/2024\/01\/RENA-LANGE-3-1-1024x576.png 1024w, https:\/\/renatalange.com\/wp-content\/uploads\/2024\/01\/RENA-LANGE-3-1-300x169.png 300w, https:\/\/renatalange.com\/wp-content\/uploads\/2024\/01\/RENA-LANGE-3-1-768x432.png 768w, https:\/\/renatalange.com\/wp-content\/uploads\/2024\/01\/RENA-LANGE-3-1.png 1366w\" sizes=\"(max-width: 1024px) 100vw, 1024px\" \/><\/figure>\n\n\n\n<div style=\"height:58px\" aria-hidden=\"true\" class=\"wp-block-spacer\"><\/div>\n\n\n\n<div class=\"wp-block-columns alignwide is-layout-flex wp-container-core-columns-layout-1 wp-block-columns-is-layout-flex\">\n<div class=\"wp-block-column is-layout-flow wp-block-column-is-layout-flow\">\n<div class=\"wp-block-group is-layout-constrained wp-block-group-is-layout-constrained\"><div class=\"wp-block-group__inner-container\">\n<figure class=\"wp-block-image size-large is-resized\"><img loading=\"lazy\" decoding=\"async\" width=\"1024\" height=\"576\" src=\"https:\/\/renatalange.com\/wp-content\/uploads\/2024\/01\/RENA-LANGE-4-1024x576.png\" alt=\"\" class=\"wp-image-76\" style=\"width:614px;height:auto\" srcset=\"https:\/\/renatalange.com\/wp-content\/uploads\/2024\/01\/RENA-LANGE-4-1024x576.png 1024w, https:\/\/renatalange.com\/wp-content\/uploads\/2024\/01\/RENA-LANGE-4-300x169.png 300w, https:\/\/renatalange.com\/wp-content\/uploads\/2024\/01\/RENA-LANGE-4-768x432.png 768w, https:\/\/renatalange.com\/wp-content\/uploads\/2024\/01\/RENA-LANGE-4.png 1366w\" sizes=\"(max-width: 1024px) 100vw, 1024px\" \/><\/figure>\n<\/div><\/div>\n<\/div>\n\n\n\n<div class=\"wp-block-column is-layout-flow wp-block-column-is-layout-flow\">\n<p class=\"has-text-align-right\">Hola! Soy Renata Lange, tengo 18 a\u00f1os, soy chilena y bailar es una de mis maneras de expresar y conectar con el mundo.<\/p>\n\n\n\n<p class=\"has-text-align-right\"> Bailo desde los 13 a\u00f1os, he practicado diferentes estilos en los \u00faltimos a\u00f1os tales como: HipHop, tap, ballet, contemporaneo, moderno, lyrical, Street jazz y otros  <\/p>\n<\/div>\n<\/div>\n\n\n\n<div class=\"wp-block-media-text alignwide has-media-on-the-right is-stacked-on-mobile\"><div class=\"wp-block-media-text__content\">\n<ul>\n<li><strong>Apertura Juegos Panamericanos y Parapanamericanos Santiago 2023, Estadio Nacional.<\/strong><\/li>\n<\/ul>\n\n\n\n<ul>\n<li><strong>Tu Experiencia Broadway (TEB) Julio 202<\/strong>4<\/li>\n\n\n\n<li><strong>Academias: Artidanza, PowerPeralta, Exprezadanza<\/strong> <\/li>\n<\/ul>\n\n\n\n<ul>\n<li><strong>Participaci\u00f3n en Profod Universidad Humanismo Cristiano.<\/strong><\/li>\n<\/ul>\n<\/div><figure class=\"wp-block-media-text__media\"><img loading=\"lazy\" decoding=\"async\" width=\"724\" height=\"1024\" src=\"https:\/\/renatalange.com\/wp-content\/uploads\/2024\/01\/Diseno-sin-titulo-1-724x1024.png\" alt=\"\" class=\"wp-image-117 size-full\" srcset=\"https:\/\/renatalange.com\/wp-content\/uploads\/2024\/01\/Diseno-sin-titulo-1-724x1024.png 724w, https:\/\/renatalange.com\/wp-content\/uploads\/2024\/01\/Diseno-sin-titulo-1-212x300.png 212w, https:\/\/renatalange.com\/wp-content\/uploads\/2024\/01\/Diseno-sin-titulo-1-768x1086.png 768w, https:\/\/renatalange.com\/wp-content\/uploads\/2024\/01\/Diseno-sin-titulo-1-1086x1536.png 1086w, https:\/\/renatalange.com\/wp-content\/uploads\/2024\/01\/Diseno-sin-titulo-1.png 1414w\" sizes=\"(max-width: 724px) 100vw, 724px\" \/><\/figure><\/div>\n\n\n\n<ul class=\"wp-block-social-links has-normal-icon-size is-content-justification-space-between is-layout-flex wp-container-core-social-links-layout-1 wp-block-social-links-is-layout-flex\"><li class=\"wp-social-link wp-social-link-instagram  wp-block-social-link\"><a href=\"https:\/\/www.instagram.com\/renalangez\/#\" class=\"wp-block-social-link-anchor\"><svg width=\"24\" height=\"24\" viewBox=\"0 0 24 24\" version=\"1.1\" xmlns=\"http:\/\/www.w3.org\/2000\/svg\" aria-hidden=\"true\" focusable=\"false\"><path d=\"M12,4.622c2.403,0,2.688,0.009,3.637,0.052c0.877,0.04,1.354,0.187,1.671,0.31c0.42,0.163,0.72,0.358,1.035,0.673 c0.315,0.315,0.51,0.615,0.673,1.035c0.123,0.317,0.27,0.794,0.31,1.671c0.043,0.949,0.052,1.234,0.052,3.637 s-0.009,2.688-0.052,3.637c-0.04,0.877-0.187,1.354-0.31,1.671c-0.163,0.42-0.358,0.72-0.673,1.035 c-0.315,0.315-0.615,0.51-1.035,0.673c-0.317,0.123-0.794,0.27-1.671,0.31c-0.949,0.043-1.233,0.052-3.637,0.052 s-2.688-0.009-3.637-0.052c-0.877-0.04-1.354-0.187-1.671-0.31c-0.42-0.163-0.72-0.358-1.035-0.673 c-0.315-0.315-0.51-0.615-0.673-1.035c-0.123-0.317-0.27-0.794-0.31-1.671C4.631,14.688,4.622,14.403,4.622,12 s0.009-2.688,0.052-3.637c0.04-0.877,0.187-1.354,0.31-1.671c0.163-0.42,0.358-0.72,0.673-1.035 c0.315-0.315,0.615-0.51,1.035-0.673c0.317-0.123,0.794-0.27,1.671-0.31C9.312,4.631,9.597,4.622,12,4.622 M12,3 C9.556,3,9.249,3.01,8.289,3.054C7.331,3.098,6.677,3.25,6.105,3.472C5.513,3.702,5.011,4.01,4.511,4.511 c-0.5,0.5-0.808,1.002-1.038,1.594C3.25,6.677,3.098,7.331,3.054,8.289C3.01,9.249,3,9.556,3,12c0,2.444,0.01,2.751,0.054,3.711 c0.044,0.958,0.196,1.612,0.418,2.185c0.23,0.592,0.538,1.094,1.038,1.594c0.5,0.5,1.002,0.808,1.594,1.038 c0.572,0.222,1.227,0.375,2.185,0.418C9.249,20.99,9.556,21,12,21s2.751-0.01,3.711-0.054c0.958-0.044,1.612-0.196,2.185-0.418 c0.592-0.23,1.094-0.538,1.594-1.038c0.5-0.5,0.808-1.002,1.038-1.594c0.222-0.572,0.375-1.227,0.418-2.185 C20.99,14.751,21,14.444,21,12s-0.01-2.751-0.054-3.711c-0.044-0.958-0.196-1.612-0.418-2.185c-0.23-0.592-0.538-1.094-1.038-1.594 c-0.5-0.5-1.002-0.808-1.594-1.038c-0.572-0.222-1.227-0.375-2.185-0.418C14.751,3.01,14.444,3,12,3L12,3z M12,7.378 c-2.552,0-4.622,2.069-4.622,4.622S9.448,16.622,12,16.622s4.622-2.069,4.622-4.622S14.552,7.378,12,7.378z M12,15 c-1.657,0-3-1.343-3-3s1.343-3,3-3s3,1.343,3,3S13.657,15,12,15z M16.804,6.116c-0.596,0-1.08,0.484-1.08,1.08 s0.484,1.08,1.08,1.08c0.596,0,1.08-0.484,1.08-1.08S17.401,6.116,16.804,6.116z\"><\/path><\/svg><span class=\"wp-block-social-link-label screen-reader-text\">https:\/\/www.instagram.com\/renalangez\/#<\/span><\/a><\/li>\n\n<li class=\"wp-social-link wp-social-link-mail  wp-block-social-link\"><a href=\"mailto:renatalangez0324@gmai.com\" class=\"wp-block-social-link-anchor\"><svg width=\"24\" height=\"24\" viewBox=\"0 0 24 24\" version=\"1.1\" xmlns=\"http:\/\/www.w3.org\/2000\/svg\" aria-hidden=\"true\" focusable=\"false\"><path d=\"M19,5H5c-1.1,0-2,.9-2,2v10c0,1.1.9,2,2,2h14c1.1,0,2-.9,2-2V7c0-1.1-.9-2-2-2zm.5,12c0,.3-.2.5-.5.5H5c-.3,0-.5-.2-.5-.5V9.8l7.5,5.6,7.5-5.6V17zm0-9.1L12,13.6,4.5,7.9V7c0-.3.2-.5.5-.5h14c.3,0,.5.2.5.5v.9z\"><\/path><\/svg><span class=\"wp-block-social-link-label screen-reader-text\">renatalangez0324@gmail.com<\/span><\/a><\/li>\n\n<li class=\"wp-social-link wp-social-link-youtube  wp-block-social-link\"><a href=\"https:\/\/youtube.com\/@renatalange3508?si=0EhTVjiCcn-ypDsX\" class=\"wp-block-social-link-anchor\"><svg width=\"24\" height=\"24\" viewBox=\"0 0 24 24\" version=\"1.1\" xmlns=\"http:\/\/www.w3.org\/2000\/svg\" aria-hidden=\"true\" focusable=\"false\"><path d=\"M21.8,8.001c0,0-0.195-1.378-0.795-1.985c-0.76-0.797-1.613-0.801-2.004-0.847c-2.799-0.202-6.997-0.202-6.997-0.202 h-0.009c0,0-4.198,0-6.997,0.202C4.608,5.216,3.756,5.22,2.995,6.016C2.395,6.623,2.2,8.001,2.2,8.001S2,9.62,2,11.238v1.517 c0,1.618,0.2,3.237,0.2,3.237s0.195,1.378,0.795,1.985c0.761,0.797,1.76,0.771,2.205,0.855c1.6,0.153,6.8,0.201,6.8,0.201 s4.203-0.006,7.001-0.209c0.391-0.047,1.243-0.051,2.004-0.847c0.6-0.607,0.795-1.985,0.795-1.985s0.2-1.618,0.2-3.237v-1.517 C22,9.62,21.8,8.001,21.8,8.001z M9.935,14.594l-0.001-5.62l5.404,2.82L9.935,14.594z\"><\/path><\/svg><span class=\"wp-block-social-link-label screen-reader-text\">https:\/\/youtube.com\/@renatalange3508?si=fbf7iuIaXqtNrRQv<\/span><\/a><\/li>\n\n<li class=\"wp-social-link wp-social-link-goodreads  wp-block-social-link\"><a href=\"https:\/\/www.goodreads.com\/user\/show\/163734233-rena-lange\" class=\"wp-block-social-link-anchor\"><svg width=\"24\" height=\"24\" viewBox=\"0 0 24 24\" version=\"1.1\" xmlns=\"http:\/\/www.w3.org\/2000\/svg\" aria-hidden=\"true\" focusable=\"false\"><path d=\"M17.3,17.5c-0.2,0.8-0.5,1.4-1,1.9c-0.4,0.5-1,0.9-1.7,1.2C13.9,20.9,13.1,21,12,21c-0.6,0-1.3-0.1-1.9-0.2 c-0.6-0.1-1.1-0.4-1.6-0.7c-0.5-0.3-0.9-0.7-1.2-1.2c-0.3-0.5-0.5-1.1-0.5-1.7h1.5c0.1,0.5,0.2,0.9,0.5,1.2 c0.2,0.3,0.5,0.6,0.9,0.8c0.3,0.2,0.7,0.3,1.1,0.4c0.4,0.1,0.8,0.1,1.2,0.1c1.4,0,2.5-0.4,3.1-1.2c0.6-0.8,1-2,1-3.5v-1.7h0 c-0.4,0.8-0.9,1.4-1.6,1.9c-0.7,0.5-1.5,0.7-2.4,0.7c-1,0-1.9-0.2-2.6-0.5C8.7,15,8.1,14.5,7.7,14c-0.5-0.6-0.8-1.3-1-2.1 c-0.2-0.8-0.3-1.6-0.3-2.5c0-0.9,0.1-1.7,0.4-2.5c0.3-0.8,0.6-1.5,1.1-2c0.5-0.6,1.1-1,1.8-1.4C10.3,3.2,11.1,3,12,3 c0.5,0,0.9,0.1,1.3,0.2c0.4,0.1,0.8,0.3,1.1,0.5c0.3,0.2,0.6,0.5,0.9,0.8c0.3,0.3,0.5,0.6,0.6,1h0V3.4h1.5V15 C17.6,15.9,17.5,16.7,17.3,17.5z M13.8,14.1c0.5-0.3,0.9-0.7,1.3-1.1c0.3-0.5,0.6-1,0.8-1.6c0.2-0.6,0.3-1.2,0.3-1.9 c0-0.6-0.1-1.2-0.2-1.9c-0.1-0.6-0.4-1.2-0.7-1.7c-0.3-0.5-0.7-0.9-1.3-1.2c-0.5-0.3-1.1-0.5-1.9-0.5s-1.4,0.2-1.9,0.5 c-0.5,0.3-1,0.7-1.3,1.2C8.5,6.4,8.3,7,8.1,7.6C8,8.2,7.9,8.9,7.9,9.5c0,0.6,0.1,1.3,0.2,1.9C8.3,12,8.6,12.5,8.9,13 c0.3,0.5,0.8,0.8,1.3,1.1c0.5,0.3,1.1,0.4,1.9,0.4C12.7,14.5,13.3,14.4,13.8,14.1z\"><\/path><\/svg><span class=\"wp-block-social-link-label screen-reader-text\">Goodreads<\/span><\/a><\/li><\/ul>\n","protected":false},"excerpt":{"rendered":"<p>Hola! Soy Renata Lange, tengo 18 a\u00f1os, soy chilena y bailar es una de mis maneras de expresar y conectar con el mundo. Bailo desde los 13 a\u00f1os, he practicado diferentes estilos en los \u00faltimos a\u00f1os tales como: HipHop, tap, ballet, contemporaneo, moderno, lyrical, Street jazz y otros<\/p>\n","protected":false},"author":1,"featured_media":0,"parent":8,"menu_order":0,"comment_status":"closed","ping_status":"closed","template":"","meta":{"_uag_custom_page_level_css":"","footnotes":""},"uagb_featured_image_src":{"full":false,"thumbnail":false,"medium":false,"medium_large":false,"large":false,"1536x1536":false,"2048x2048":false,"post-thumbnail":false},"uagb_author_info":{"display_name":"renalangez","author_link":"https:\/\/renatalange.com\/index.php\/author\/renalangez\/"},"uagb_comment_info":0,"uagb_excerpt":"Hola! Soy Renata Lange, tengo 18 a\u00f1os, soy chilena y bailar es una de mis maneras de expresar y conectar con el mundo. Bailo desde los 13 a\u00f1os, he practicado diferentes estilos en los \u00faltimos a\u00f1os tales como: HipHop, tap, ballet, contemporaneo, moderno, lyrical, Street jazz y otros","_links":{"self":[{"href":"https:\/\/renatalange.com\/index.php\/wp-json\/wp\/v2\/pages\/5"}],"collection":[{"href":"https:\/\/renatalange.com\/index.php\/wp-json\/wp\/v2\/pages"}],"about":[{"href":"https:\/\/renatalange.com\/index.php\/wp-json\/wp\/v2\/types\/page"}],"author":[{"embeddable":true,"href":"https:\/\/renatalange.com\/index.php\/wp-json\/wp\/v2\/users\/1"}],"replies":[{"embeddable":true,"href":"https:\/\/renatalange.com\/index.php\/wp-json\/wp\/v2\/comments?post=5"}],"version-history":[{"count":49,"href":"https:\/\/renatalange.com\/index.php\/wp-json\/wp\/v2\/pages\/5\/revisions"}],"predecessor-version":[{"id":161,"href":"https:\/\/renatalange.com\/index.php\/wp-json\/wp\/v2\/pages\/5\/revisions\/161"}],"up":[{"embeddable":true,"href":"https:\/\/renatalange.com\/index.php\/wp-json\/wp\/v2\/pages\/8"}],"wp:attachment":[{"href":"https:\/\/renatalange.com\/index.php\/wp-json\/wp\/v2\/media?parent=5"}],"curies":[{"name":"wp","href":"https:\/\/api.w.org\/{rel}","templated":true}]}}